onvert -1 (base 7) to base 10.
-1
Convert 30 (base 8) to base 4.
120
Convert 141 (base 5) to base 10.
46
-34 (base 10) to base 11
-31
What is 11 (base 15) in base 14?
12
-4 (base 16) to base 5
-4
What is -13 (base 4) in base 16?
-7
What is -42 (base 10) in base 15?
-2c
Convert -4 (base 5) to base 2.
-100
3c (base 15) to base 3
2010
What is 10 (base 5) in base 15?
5
What is 4 (base 5) in base 3?
11
223 (base 8) to base 15
9c
8 (base 11) to base 7
11
What is -1b (base 12) in base 14?
-19
Convert -1 (base 8) to base 10.
-1
-151 (base 9) to base 10
-127
What is -2 (base 13) in base 5?
-2
1 (base 8) to base 4
1
Convert 23 (base 12) to base 14.
1d
What is -2 (base 7) in base 10?
-2
Convert 22 (base 7) to base 10.
16
What is 0 (base 8) in base 13?
0
What is -10 (base 4) in base 13?
-4
1 (base 16) to base 6
1
What is 7 (base 14) in base 8?
7
What is 132 (base 13) in base 9?
253
6b (base 16) to base 13
83
What is 3 (base 9) in base 2?
11
Convert -31 (base 11) to base 5.
-114
1c (base 16) to base 11
26
Convert 27 (base 8) to base 2.
10111
-b (base 12) to base 10
-11
Convert -1011011 (base 2) to base 6.
-231
Convert -5a (base 15) to base 4.
-1111
-2 (base 7) to base 12
-2
Convert -11 (base 8) to base 5.
-14
Convert 4 (base 12) to base 5.
4
What is -2 (base 16) in base 10?
-2
Convert -b4 (base 16) to base 15.
-c0
What is -8 (base 13) in base 14?
-8
Convert -3 (base 10) to base 11.
-3
432 (base 5) to base 7
225
What is 9 (base 14) in base 9?
10
What is -131 (base 7) in base 3?
-2122
10122 (base 3) to base 15
68
-303 (base 6) to base 2
-1101111
What is 0 (base 13) in base 6?
0
-10111 (base 2) to base 4
-113
-9 (base 10) to base 9
-10
Convert 1a (base 15) to base 3.
221
-7 (base 8) to base 3
-21
-14 (base 12) to base 15
-11
What is 7 (base 10) in base 11?
7
Convert -1b (base 16) to base 3.
-1000
Convert 2 (base 8) to base 12.
2
10 (base 13) to base 3
111
What is -4 (base 11) in base 4?
-10
Convert -4 (base 13) to base 2.
-100
Convert 79 (base 15) to base 7.
222
-5 (base 8) to base 3
-12
Convert -1000 (base 2) to base 4.
-20
80 (base 10) to base 7
143
-5 (base 6) to base 13
-5
-144 (base 5) to base 12
-41
What is -102 (base 4) in base 15?
-13
54 (base 10) to base 13
42
What is -5 (base 9) in base 15?
-5
Convert -3 (base 6) to base 14.
-3
Convert 11 (base 3) to base 6.
4
What is 100 (base 3) in base 13?
9
Convert 1 (base 9) to base 7.
1
Convert 125 (base 7) to base 12.
58
Convert -111011 (base 2) to base 4.
-323
What is -103 (base 8) in base 2?
-1000011
What is 14 (base 9) in base 12?
11
37 (base 12) to base 4
223
What is -3 (base 12) in base 10?
-3
What is -4 (base 6) in base 2?
-100
-1c (base 15) to base 3
-1000
2 (base 4) to base 12
2
What is a3 (base 12) in base 6?
323
3 (base 5) to base 8
3
-1110 (base 2) to base 11
-13
What is -112 (base 6) in base 16?
-2c
Convert -73 (base 8) to base 6.
-135
What is -22 (base 4) in base 6?
-14
What is 10 (base 4) in base 15?
4
Convert c6 (base 15) to base 12.
136
Convert 29 (base 11) to base 15.
21
What is 10 (base 9) in base 3?
100
-12011 (base 3) to base 10
-139
-2 (base 9) to base 11
-2
1100 (base 2) to base 12
10
What is 1100 (base 2) in base 15?
c
-4 (base 14) to base 6
-4
-1 (base 8) to base 12
-1
23 (base 11) to base 10
25
111 (base 2) to base 13
7
What is -77 (base 11) in base 6?
-220
100 (base 2) to base 3
11
3 (base 9) to base 7
3
Convert 213 (base 11) to base 2.
100000000
Convert -23 (base 5) to base 9.
-14
Convert 3 (base 9) to base 12.
3
Convert 132 (base 11) to base 3.
12210
What is -72 (base 10) in base 11?
-66
Convert 4 (base 10) to base 3.
11
Convert -19 (base 11) to base 4.
-110
What is -14 (base 9) in base 13?
-10
What is 11 (base 3) in base 16?
4
-110 (base 3) to base 15
-c
6 (base 7) to base 3
20
Convert 2 (base 3) to base 8.
2
3 (base 10) to base 4
3
-11 (base 9) to base 7
-13
What is 2 (base 12) in base 3?
2
a (base 15) to base 12
a
-21 (base 15) to base 6
-51
What is 30 (base 7) in base 11?
1a
What is -39 (base 14) in base 7?
-102
-b (base 15) to base 5
-21
What is a0 (base 15) in base 8?
226
-1111 (base 2) to base 8
-17
What is -b2 (base 13) in base 7?
-265
What is -32 (base 10) in base 15?
-22
Convert 13 (base 10) to base 6.
21
Convert 15 (base 11) to base 5.
31
-4 (base 7) to base 4
-10
What is 0 (base 4) in base 6?
0
11 (base 7) to base 8
10
Convert -2 (base 10) to base 9.
-2
What is 1 (base 12) in base 2?
1
-35 (base 16) to base 2
-110101
What is 1 (base 14) in base 16?
1
What is -6d (base 14) in base 15?
-67
Convert -45 (base 6) to base 5.
-104
What is -17 (base 10) in base 14?
-13
Convert 40 (base 5) to base 15.
15
What is 18 (base 13) in base 3?
210
Convert 25 (base 16) to base 10.
37
Convert -49 (base 15) to base 2.
-1000101
What is 2 (base 7) in base 5?
2
What is -b (base 13) in base 16?
-b
162 (base 8) to base 11
a4
-2 (base 9) to base 10
-2
Convert -1 (base 14) to base 3.
-1
What is 305 (base 7) in base 13?
b9
Convert -d (base 16) to base 13.
-10
Convert -8 (base 11) to base 12.
-8
What is -3 (base 7) in base 10?
-3
3 (base 12) to base 5
3
What is -1 (base 3) in base 9?
-1
0 (base 14) to base 15
0
Convert 11 (base 2) to base 13.
3
What is 3 (base 11) in base 3?
10
Convert -11 (base 12) to base 11.
-12
Convert -4b (base 12) to base 15.
-3e
Convert -aa (base 14) to base 10.
-150
Convert 312 (base 8) to base 14.
106
Convert -48 (base 13) to base 3.
-2020
Convert 1 (base 2) to base 8.
1
Convert a (base 12) to base 4.
22
Convert -9 (base 12) to base 15.
-9
Convert -6 (base 16) to base 6.
-10
Convert 8 (base 12) to base 11.
8
What is -1000 (base 2) in base 7?
-11
Convert 11 (base 8) to base 7.
12
What is 3a (base 13) in base 2?
110001
What is -2 (base 14) in base 16?
-2
3 (base 8) to base 9
3
What is 3 (base 8) in base 10?
3
What is 102 (base 10) in base 9?
123
What is -1 (base 12) in base 6?
-1
What is -10 (base 11) in base 2?
-1011
40 (base 10) to base 9
44
Convert 31 (base 5) to base 7.
22
-342 (base 5) to base 7
-166
What is 6 (base 7) in base 15?
6
0 (base 11) to base 9
0
10100 (base 3) to base 10
90
Convert 0 (base 11) to base 15.
0
What is -50 (base 10) in base 14?
-38
What is 3 (base 14) in base 3?
10
What is 266 (base 12) in base 11?
303
4 (base 7) to base 3
11
Convert -2 (base 7) to base 14.
-2
What is -2 (base 15) in base 9?
-2
What is -136 (base 15) in base 3?
-101020
-12 (base 3) to base 9
-5
Convert -32 (base 7) to base 6.
-35
What is 11 (base 6) in base 12?
7
dd (base 15) to base 14
10c
What is 1 (base 10) in base 13?
1
What is 56 (base 16) in base 9?
105
23 (base 9) to base 16
15
What is -1 (base 15) in base 7?
-1
a5 (base 11) to base 3
11021
2111 (base 3) to base 13
52
Convert -3 (base 4) to base 8.
-3
-13 (base 6) to base 7
-12
-14 (base 6) to base 11
-a
Convert -11 (base 2) to base 13.
-3
Convert 0 (base 5) to base 4.
0
What is 17 (base 12) in base 14?
15
-70 (base 11) to base 14
-57
12 (base 10) to base 9
13
Convert -28 (base 16) to base 2.
-101000
What is -1 (base 3) in base 9?
-1
Convert 0 (base 13) to base 9.
0
2 (base 11) to base 10
2
Convert 0 (base 14) to base 9.
0
What is -101 (base 5) in base 16?
-1a
Convert -2313 (base 4) to base 5.
-1213
Convert 46 (base 13) to base 8.
72
Convert a (base 16) to base 9.
11
What is 25 (base 6) in base 8?
21
-281 (base 10) to base 5
-2111
What is 0 (base 2) in base 12?
0
Convert 28 (base 12) to base 9.
35
What is -251 (base 6) in base 11?
-94
Convert 200 (base 4) to base 13.
26
-18 (base 11) to base 10
-19
What is 14 (base 14) in base 2?
10010
-3 (base 5) to base 16
-3
What is -43 (base 6) in base 2?
-11011
-10310 (base 4) to base 8
-464
What is -12 (base 5) in base 16?
-7
Convert -2032 (base 4) to base 2.
-10001110
What is -a6 (base 11) in base 15?
-7b
Convert 5 (base 12) to base 7.
5
What is 7 (base 13) in base 7?
10
Convert 11 (base 3) to base 16.
4
What is 2 (base 3) in base 8?
2
What is -12120 (base 3) in base 13?
-b7
a (base 13) to base 5
20
-5 (base 16) to base 3
-12
Convert -1 (base 16) to base 11.
-1
-101011 (base 2) to base 14
-31
Convert -1 (base 15) to base 12.
-1
Convert -11 (base 16) to base 3.
-122
Convert 2 (base 5) to base 4.
2
330 (base 5) to base 13
6c
What is -221 (base 3) in base 15?
-1a
-1020 (base 3) to base 6
-53
19a (base 11) to base 7
446
-1f (base 16) to base 14
-23
-7a (base 13) to base 12
-85
Conv